 1/2*w**2 + 5. Determine s(3).
-4
Suppose -2*s = 2*p - 34, s - 4*p + 8 = -0*p. Let j(m) = -m + 9. Determine j(s).
-3
Let c(p) = p**3 - 2*p**2 - p + 1. Suppose -1 = -f, -3*u - 2*f - 2 = 2*f. What is c(u)?
-13
Let v(f) = 3*f**3 + 11*f**2 - 7*f - 9. Let m(k) = 2*k**3 + 6*k**2 - 4*k - 5. Let x(j) = 11*m(j) - 6*v(j). Calculate x(-1).
-3
Let z(j) be the second derivative of 0 + 1/20*j**5 + 0*j**2 + 1/6*j**4 + 0*j**3 + 2*j - 1/240*j**6. Let v(r) be the third derivative of z(r). Determine v(4).
-6
Let b(j) = -465*j - 7 + 464*j + 3. Determine b(5).
-9
Let l(j) = -9*j**2 - 8*j + 2. Let s(b) = -5*b**2 - 4*b + 1. Let m(h) = -h - 5. Let k = 15 + -9. Let v be m(k). Let y(r) = v*s(r) + 6*l(r). What is y(3)?
-2
Let y(o) = 4*o - 10. Let v(x) = -3*x + 7. Let n(p) = -7*v(p) - 5*y(p). Calculate n(-5).
-4
Let d(l) = -4*l + 0*l + 3*l. Calculate d(-5).
5
Let y(r) be the first derivative of 3 - 1/3*r**3 - 2*r**2 - 3*r - 1/4*r**4. Let v = -2 - 0. Give y(v).
9
Let t(l) = l - l + 3*l - 2*l - 8. What is t(9)?
1
Suppose 0*y - 3*y = -15. Let x(h) = 10 + 0*h - h - 6. Give x(y).
-1
Let s(y) = -y**2 + 3*y + 1. Let z(c) = c - 7. Let l be (-6)/(-3) + 9 + -1. Let q be z(l). Let h be (1 - 1)/1 + q. Determine s(h).
1
Let o(h) = -4*h**3 + h**2 - h + 1. Let r = 11 - 6. Let i = r - 4. Calculate o(i).
-3
Suppose 0 = -2*z - 4*z + 42. Let v(x) = x + 12*x**2 + 2*x + 0*x. Let k(q) = 18*q**2 + 4*q. Let o(j) = z*v(j) - 5*k(j). Give o(-1).
-7
Let h(v) be the third derivative of -v**6/120 + v**5/20 - v**4/24 - 3*v**2. Let m be h(2). Let x(a) = a + 3 + a**2 + a**2 - 3*a**m. Determine x(0).
3
Let x(h) be the third derivative of -h**6/720 - h**5/40 - h**4/8 + 3*h**2. Let a(q) be the second derivative of x(q). Calculate a(0).
-3
Let t(d) be the second derivative of -d**4/12 - d**3 + 3*d**2/2 - d. Suppose -2*b = -2*x + 3 + 15, 4*b = 2*x - 26. Determine t(b).
11
Let h(n) be the first derivative of -3 - 3*n - 1/3*n**3 - n**2. Let u = -2 + 0. Calculate h(u).
-3
Let b(x) = 1. Let a(c) = -c**2 + 6*c + 7. Let o(z) = -a(z) + 5*b(z). Let m be ((-2)/(-4))/((-2)/(-28)). What is o(m)?
5
Let b(a) = 4*a**2 - 1 + 2*a**2 - 3*a**2 - 2*a**2. Calculate b(-2).
3
Let q(h) = -h + 7. Let y be 0 - (-9 + (1 - 1)). Determine q(y).
-2
Let b(q) = 0*q - q + 220 - 221. Give b(0).
-1
Let o(j) = -j**2 + 7*j + 3. Suppose 8*d = 9*d - 6. Determine o(d).
9
Let b(x) be the first derivative of x**4/4 + 8*x**3/3 - 11*x**2/2 - 12*x + 3. Let r be b(-9). Let u(q) = q**3 - 6*q**2 - 4. Determine u(r).
-4
Let y(a) = 3*a + 6. Suppose 60 = -o + 4*o. Suppose -20 = 2*t + 5*w + 15, t + 3*w = -o. Give y(t).
-9
Suppose 0 = -4*s + 3*b - 1, -1 = s - 0*b - b. Suppose 2*f + 9 + 21 = 5*c, 36 = s*c + 4*f. Let o = 11 - c. Let r(j) = -j**3 + 5*j**2 - 3*j - 3. What is r(o)?
6
Let j(p) = -p**2 - 1. Let q(s) = s**3 - 2*s**2 - 6*s - 7. Let x(d) = -5*j(d) + q(d). Determine x(-5).
-22
Let m(n) = -n + 2. Let c be 188/24 + (-20)/24. Determine m(c).
-5
Let j(q) = -q**2 - 4*q + 3. Let a be j(-3). Suppose 4*b - 3*g = 17, 4*g - a*g = 5*b - 27. Let z(c) = -3 + 4*c + 5 + 2 - b. Give z(2).
7
Let g(j) = j + 1. Let b(z) = 5*z + 6. Let w(l) = -6*b(l) + 34*g(l). Calculate w(4).
14
Suppose 9 + 6 = 5*b. Suppose -3*c + b - 15 = 0. Let x(i) = -i**3 - 4*i**2 + 2*i + 5. Determine x(c).
-3
Let n(c) = -c + c + c**2 - 4. Let t(y) = 5*y + 23. Let x be t(-4). Determine n(x).
5
Let a(z) be the second derivative of z**4/12 + 3*z**3/2 + 3*z**2/2 - 6*z. Calculate a(-4).
-17
Let v(t) = -t**3 - 8*t**2 - 2*t - 9. Let k be 2/(4/10) - 13. Give v(k).
7
Let h(d) = d**2 - d - d + 0*d**2 + 6*d. Suppose -12 = 5*t + 4*o, t + o = -t - 6. Calculate h(t).
0
Let a = -6 - -8. Let s(i) = -i**3 - 1 - 3*i - 6 + 2 - 5*i**a. What is s(-4)?
-9
Let t(w) = -w**2. Let r be 4*((-3)/(-6))/1. Let x(k) = -2*k**3 + 2*k**2 + 2. Let a be x(r). Let d be (-9)/6*4/a. Give t(d).
-1
Let t(u) be the third derivative of u**5/60 - 5*u**4/24 - 4*u**3/3 - u**2 - 9*u. Give t(6).
-2
Let a(r) = 3*r - 1. Let x(d) = 2*d**2 + 35*d - 14. Let h be x(-18). Give a(h).
11
Let u(a) = -3*a + 2. Let m(y) = y - 2. Let w be m(3). Suppose -2*z + 3*z + w = h, -4*z + 44 = 4*h. Suppose -h = -0*t + 3*t. Give u(t).
8
Let u(t) = -3*t - 1 + 3*t - 4*t**3. Let a(b) = -3*b + 2. Let y be a(1). Give u(y).
3
Let m(k) be the second derivative of -k**4/12 - 7*k**3/6 - 5*k**2/2 + 2*k. Let a be m(-5). Let l(w) = -w**3 + 6*w**2 - 3*w - 5. What is l(a)?
5
Let w(t) = -4*t**3 + 6*t**2 + 5*t + 1. Let f(i) = 5*i**3 - 7*i**2 - 6*i - 2. Let n(h) = 3*f(h) + 4*w(h). What is n(4)?
-10
Let w(n) = 157*n**2 + 163*n**2 - 328*n**2. Determine w(1).
-8
Let j(d) = d**2 - 5*d. Let m be j(5). Suppose 0*x - 4 = i + 3*x, 2*i - 5*x + 30 = m. Let b = 16 + i. Let a(n) = -n**3 + 5*n**2 + 7*n - 1. Give a(b).
5
Let z = 1 + 1. Suppose -5*c + 5*j + 60 = 0, -2*c + 4*j - 8 = -5*c. Suppose 0*x - r = -2*x + c, -r = z*x. Let i(y) = -3*y + 3. Calculate i(x).
-3
Let u(i) be the third derivative of i**6/120 - 2*i**5/15 + i**4/6 + 5*i**3/6 + 41*i**2. Give u(7).
-16
Let n(h) be the first derivative of h**2/2 + 4*h - 42. Let z be 46/(-14) + (-4)/(-14). Calculate n(z).
1
Let f(s) = 14*s + 7*s - 7 - 20*s. Let u be 5 - (-5 - (-2 - 1)). What is f(u)?
0
Let m(o) be the third derivative of -o**6/120 + o**5/10 - o**4/4 + o**3/2 + o**2. Suppose -3*s + 8 = 3*b - 22, 25 = 4*s + b. Give m(s).
-2
Let r(x) = -4*x**2 + x. Let w(l) = -l**2. Let f(c) = c**2 - 6*c - 9. Let h be f(7). Let s(v) = h*w(v) + r(v). Let y = 5 + -3. Give s(y).
-6
Let g(i) = 2*i - 6. Let k(p) = p**2 + 7*p + 6. Let q be k(-7). Suppose -5*y + 31 = q. Give g(y).
4
Let i(r) = r**3 - 5*r**2 + r + 1. Suppose -3*u = 12, -4*u = 4*h + u. Suppose -h*p - 1 = -21. Suppose -9 = -p*q + 11. Determine i(q).
6
Suppose -2*i = -3*i + 1. Let q(n) = 2*n**2 - 2*n - 1. Let c(a) = -4*a**2 + 5*a + 2. Let u(v) = -4*c(v) - 9*q(v). Give u(i).
-3
Let o(h) = h**3 - 6*h**2 + 3*h + 9. Let s be o(5). Let g(w) = 2*w**3 - 2*w**2 - w. What is g(s)?
-3
Suppose 1 = 2*s - 3*s. Let t(x) = -11*x**2. Let j(b) = -32*b**2. Let y(r) = 6*j(r) - 17*t(r). Let f be y(s). Let l(a) = -a**2 - 6*a + 3. Calculate l(f).
8
Suppose 2*j - j - 4*f + 19 = 0, -4*j - 16 = -4*f. Let n be (-8)/6*45/(-5). Let z(r) = -n*r**3 + r**2 - 5 + 0*r + r + 4. Determine z(j).
-11
Suppose 0 = 4*d + k - 14, -3*k + 4*k - 8 = -2*d. Suppose 0 = -d*z + 3*s - 12 + 33, -3*z - 4*s = -7. Let u(m) = -m**3 + 6*m**2 - 5*m. Determine u(z).
0
Let u(c) = -c**3 - 3*c**2 + 3*c + 2. Let l = 1 + 1. Let z be 0/1 - (l + 2). Determine u(z).
6
Let c(f) = -2*f**2 - 2*f + 4. Suppose -4*v + 13 = -i, 0*i + 2*i + 14 = 2*v. Suppose -v*z = 2*z + 12. Determine c(z).
-8
Let k(w) = w + 11. Suppose 4 + 4 = -s. Let a = s - -3. Calculate k(a).
6
Let r(f) = f**2 + 6*f + 5. Let u(z) = 4*z**2 + 17*z + 14. Let i(d) = -11*r(d) + 4*u(d). What is i(-1)?
4
Let a(b) be the second derivative of 2*b**3/3 + 3*b**2 + 32*b. Give a(-4).
-10
Suppose -2*q + 3 = -7. Let i(z) = -z**2 + 6*z - 6. Let t be i(q). Let o(m) be the third derivative of -m**4/6 + m**3/6 + m**2. What is o(t)?
5
Let s(r) = r**3 + 13*r**2 - 29*r + 20. Let g be s(-15). Let c(a) = -a**2 - 4*a + 1. Let v(n) = 3*n**2 + 7*n - 1. Let j(b) = -5*c(b) - 2*v(b). What is j(g)?
2
Let a(d) = d - 10. Let i(v) = 4*v - 7. Let j be i(3). Calculate a(j).
-5
Suppose 3*s = s. Let k(h) be the second derivative of -h**4/12 + h**3/6 - 2*h**2 - 6*h. Calculate k(s).
-4
Let m(g) = -3*g + 8. Let u(a) = -7*a + 18. Let b(y) = 5*m(y) - 2*u(y). Determine b(-4).
8
Suppose -2*t = -t - 3. Let m(q) = q + 4*q**3 + 0 + 1 - 3*q**3 - 3*q**2. Determine m(t).
4
Let f(g) = g**3 + 4*g**2 + 4*g + 2. Suppose 0 = q - 4*t + 1, -3*q = -2*q + t - 19. Suppose -4*z = -2*r + 6, -3*z + r = 2*z + q. What is f(z)?
-14
Let w(k) = -2*k**2 + k + 1. Let g = -96 - -100. Let q(t) = 2*t - 5. Let u be q(4). Suppose 4*a - 3*l + g = l, -1 = a + u*l. Calculate w(a).
-2
Let q(y) = -y + 4. Let h be q(4). Let w(d) = -d**3 - d**2 + d - 3. Let n be w(h). Let z(j) = -j. Let i(m) = m - 1. Let l(x) = n*z(x) - 4*i(x). Calculate l(3).
1
Let d(u) = u + 3. Let h(l) = -2 + 8*l**2 - 4*l**2 + 4*l**2 + 2*l**3 - 6*l - 3*l**3. Let m be h(7). Calculate d(m).
8
Let x(y) = -3*y + 1 - 2*y**2 + y**2 + 2 + 3. Let j be 1/4 - (-21)/(-4). Calculate x(j).
-4
Suppose 5*q + 8 = q. Suppose -5*c - 26 = -w + 10, -4 = w. Let j = q - c. Let o(s) = -s**3 + 5*s**2 + 7*s - 6. What is o(j)?
0
Let h = -